?
2, 757
Let x(g) = -188*g - 1. List the prime factors of x(-2).
3, 5
Let v(z) = 17*z**2 - 16*z - 5. What are the prime factors of v(-4)?
331
Let w(y) = y**3 - 14*y**2 - 10*y - 85. List the prime factors of w(16).
3, 89
Let o(x) = x**3 - 11*x**2 - 17*x - 5. Let i be o(13). Let l = i - 45. List the prime factors of l.
67
Let z(u) = -u**2 + 7*u - 6. Let j be z(5). Suppose 0*m + m - 3*q = 5, -j*q - 36 = -4*m. Suppose -2*g - m + 47 = 0. What are the prime factors of g?
2, 3
Suppose y - 3*t = 4*y + 9, 3*y + 3 = 3*t. Let z = 34 + y. What are the prime factors of z?
2
Suppose 5*q - 568 = -53. Let f = q - 47. What are the prime factors of f?
2, 7
Let u(c) = -c**2 + 9*c - 2. Let h be (2 - -2 - 8)*-2. Let x be u(h). Suppose y + k = x*y - 183, -4*k - 66 = -2*y. List the prime factors of y.
37
Suppose 6*f - 4*f - 220 = -3*l, 0 = 3*f - 3*l - 300. What are the prime factors of (f + 16 - (-3 - 0)) + 2?
5
Let h be (-2 - 1/(-1)) + -7 + 8. Suppose h = 4*o - 66 - 114. List the prime factors of o.
3, 5
Suppose 3*t + 640 = 5*m, -2*m - 3*m = 3*t - 670. List the prime factors of m.
131
Suppose 5*u + 5*f + 15 = 0, -f + 3 = 3*u - 2*f. Suppose 4*s = 2*v - 16, 4*v - v = u. What are the prime factors of s/10 - 3405/(-75)?
3, 5
Suppose -x + k - 17 = 4*k, 2*x - 3*k = 11. Let w = x - -6. Suppose -w*s - 9 = -2*m + 11, 5*s + 10 = 0. List the prime factors of m.
2, 3
Let r = -21 + 21. List the prime factors of -4 + r + 52/1.
2, 3
Let f(o) = -141*o. Let b be f(-1). Suppose 18 = 3*v + b. Let q = 70 + v. What are the prime factors of q?
29
List the prime factors of ((-161)/3)/(4 - 291/72).
2, 7, 23
Let x be (-3)/((0 - -1)/(7 - 13)). Suppose 3*q = -3*b + 36, 4*q + 2*b - 22 = x. What are the prime factors of q?
2
Let r(g) = -24*g + 2. Suppose -6*k - 9 = -3*k. List the prime factors of r(k).
2, 37
Suppose 3*w = 19 - 1. Suppose -w = 2*h + 2. List the prime factors of -3 - -1*(-68)/h.
2, 7
Suppose -11*w = -4*w - 497. Suppose 7 = -r + w. What are the prime factors of r?
2
Suppose 0 = 2*z - 6*z + 132. Let j = -57 + z. List the prime factors of 48/(-36)*j/2.
2
Suppose 2*c + 2*y = -2*c + 3662, -4555 = -5*c + 5*y. List the prime factors of c.
2, 457
Let q(f) = 55*f**3 + f**2 - 1. Let h(v) = v**3 - 3*v**2 + 4*v - 3. Let z(n) = 2*n + 12. Let i be z(-5). Let a be h(i). What are the prime factors of q(a)?
5, 11
Suppose -11*q = -16*q + s + 1529, -4*s = -4. List the prime factors of q.
2, 3, 17
Let o(p) = p + 9. Let t be o(12). Let w = t - 10. Suppose 0 = -12*k + w*k + 4. List the prime factors of k.
2
Suppose -2*j - x + 1902 = -3*x, -3*j = -x - 2845. List the prime factors of j.
947
Suppose 2*m = 2*g - 4, 5*g + 1 = 3*m + 3. Let a be g*(-4)/(-8) + 1. Suppose 5*z - 3*p = 30, -4*z - 4*p - p + 61 = a. List the prime factors of z.
3
Suppose 5*j + 28 = -4*u + u, 4*j - 10 = 3*u. Suppose 0 = -2*d + 3*i + 41, -4*i + 15 - 11 = d. Let m = d + u. What are the prime factors of m?
2, 5
Suppose -55 = -2*z - 5*m - 206, -5*z - 435 = m. Suppose 811*b - 816*b + 645 = 0. Let a = z + b. List the prime factors of a.
41
Let g be (-6)/(-39) + 89/13. Suppose g*o = 12*o + 600. List the prime factors of (140/o)/(1/(-6)).
7
Let x(f) = -2*f**3 - 5*f**2 + 14*f + 33. Let z(d) = -3*d - 21. Let i be z(-5). List the prime factors of x(i).
3, 67
Let d = 17 - 15. Let o be 1 - ((d - 3) + 2). Suppose o = 2*k - 25 + 7. List the prime factors of k.
3
Suppose -q + 9 = -31. Let b = q + -21. What are the prime factors of b?
19
Let o(g) = g - 3 + 0 + 6 + 2*g. Let x = 14 - 9. What are the prime factors of o(x)?
2, 3
Suppose y - 6 = -4*y + 3*p, -2*y - p - 2 = 0. Suppose -5*k + 0*k + 1080 = y. Suppose 6*j - k = 3*j. What are the prime factors of j?
2, 3
Let x = 2575 + -175. List the prime factors of x.
2, 3, 5
Let i = -19 - -47. Suppose 3*v - i - 50 = 0. What are the prime factors of v?
2, 13
Let j(s) = -s**2 - 10*s - 12. Let d be j(-8). Suppose -d*u - u + 20 = 0. Suppose u*x = 5*i - 334, 0 = -4*x + 17 - 1. What are the prime factors of i?
2, 5, 7
Let d be (-8)/52 - (-356)/(-52). What are the prime factors of d*(142/(-10) + 5/25)?
2, 7
What are the prime factors of (-6 + 9)*(0 - (-177)/9)?
59
Suppose 5*x = -5*v + 25, 3*v + 2*x = -3*x + 17. Let d be 5 + -3 - -7 - v. Suppose 0 = y - 4, 2*m = 3*y - d*y + 40. List the prime factors of m.
2
Let t = 9 - 4. Suppose t*s + 3*w + 43 = 3*s, -4*s - 83 = 3*w. List the prime factors of (310/s)/((-1)/2).
31
Let q(i) = -i**3 + 6*i**2 - 5*i + 4. Let w be q(5). Suppose 6*z = x + 11*z - 124, 452 = w*x - 2*z. List the prime factors of x.
2, 3, 19
Let m(p) = 8*p + 14. Suppose 0 = 12*u - 2*u - 80. What are the prime factors of m(u)?
2, 3, 13
Let o be 10/8*-14*168/15. Let y = -103 - o. What are the prime factors of y?
3, 31
Let r(k) be the third derivative of 59*k**4/24 - 7*k**3/3 - 25*k**2. What are the prime factors of r(4)?
2, 3, 37
Let o(p) be the third derivative of -p**6/120 + 7*p**5/60 + 5*p**4/12 - 7*p**3/3 + 3*p**2. What are the prime factors of o(8)?
2
Suppose -5*s + 14 = 2*s. What are the prime factors of s/(-4)*(-15 + -11)?
13
Let q(x) = 147*x - 27. What are the prime factors of q(4)?
3, 11, 17
Suppose 37 = -3*p - 5*b, -3*p + 3*b + 0 = -3. Suppose d = 2*c - 193, -4*d - 86 = -c - 0*c. What are the prime factors of 4/(-8) - c/p?
2, 3
Let l = -21 + 25. Suppose -l*k - 11 - 6 = -a, 4 = -2*k. What are the prime factors of a?
3
Let w be 1/(1 - (-352)/(-354)). Let p = w + -118. List the prime factors of p.
59
Let u(t) = -7*t**3 - 2*t. Suppose -d + 0*d = 3. What are the prime factors of u(d)?
3, 5, 13
Let n(h) = -h**3 - 6*h**2 - 2*h + 7. Let q be n(-7). Let k = -31 + q. What are the prime factors of k?
3, 13
Let g = 1 - -1. Suppose 3*q - 31 - 5 = 0. Suppose -g*w + 30 = q. What are the prime factors of w?
3
Let i(h) = -126*h - 120. What are the prime factors of i(-11)?
2, 3, 211
Suppose 13*d - 9994 - 3 = 0. What are the prime factors of d?
769
Let t(z) = -z - 3. Let l be t(-3). Suppose -2*x - 3*x + 51 = a, -5*a + 5*x + 135 = l. List the prime factors of a.
31
Let d be ((-18)/42 - 318/(-56))*-24. Let g = 234 + d. What are the prime factors of g?
2, 3
Let q(f) = 12 + 12*f**2 - 60*f**3 - 15*f + 3*f + 61*f**3. List the prime factors of q(-12).
2, 3, 13
Let r(d) = d**3 - 12*d**2 - 23*d + 10. Let c be r(15). Suppose -4*m + 4*y + 420 = 0, 2*y + 126 = -2*m + c. List the prime factors of m.
2, 53
Suppose 2*l = 7*l + 3*v - 3132, l - 4*v = 608. Let x = -308 + l. List the prime factors of x.
2, 79
What are the prime factors of (25197/148)/((-6)/(-8))?
227
Let r be 2/(-7) - (-1278)/63. Suppose 0 = -2*z + 2, -r + 2 = -4*j - 2*z. Suppose -j*f = -0*f - 168. List the prime factors of f.
2, 3, 7
Suppose 0 = -0*t + t - 4. Suppose -t*f - 31 = -519. What are the prime factors of f?
2, 61
Let h = 108 + 195. List the prime factors of h.
3, 101
Let o be 22/4*(-5 - (25 - 8)). Suppose 0 = -5*m - 0*s + 2*s + 860, -m + 5*s + 195 = 0. Let x = m + o. What are the prime factors of x?
7
Let t be (-3)/(-9) - (-370)/6. Suppose -12*u - t = -13*u. Suppose 4*m + u - 258 = 0. What are the prime factors of m?
7
Let v be (3 + -6)*(-1490)/6. Suppose -4*n = -9*n + v. What are the prime factors of n?
149
Let k = 146 + -144. What are the prime factors of (-21)/(-35)*40/k?
2, 3
Let h be 150/(-8)*(3 - 7). Suppose m + 3*z = 45, m + 2*z - h = 5*z. List the prime factors of m.
2, 3, 5
Let s(b) = b**3 - 19*b**2 + 17*b + 19. Let c be s(18). List the prime factors of (-1342)/(-12) + 1/6*c.
2, 7
What are the prime factors of (1 - -3)/(((-22)/(-9097))/1)?
2, 827
Suppose 0 = -r - u + 2495, -5*r = 6*u - 10*u - 12511. What are the prime factors of r?
3, 7, 17
List the prime factors of 1 - 1 - (-2703 + 23 + -12).
2, 673
Suppose 89 = 2*a - 91. Suppose 0 = m - 3*m + 3*d + 36, -3*d + a = 4*m. List the prime factors of m.
3, 7
Let o = 922 - 370. What are the prime factors of o?
2, 3, 23
Let b = 79 - 246. Let i = b + 238. List the prime factors of i.
71
Let i(g) be the second derivative of -3*g**5/10 + g**3/3 + g**2/2 - 3*g. Let v(c) = -c - 10. Let x be v(-8). What are the prime factors of i(x)?
3, 5
Let i(g) be the second derivative of -g**3/6 - 9*g**2/2 + 2*g + 15. Let w(v) = v**3 + 6*v**2 + v - 5. Let t be w(-6). List the prime factors of i(t).
2
Suppose -x = -2*i + 41, -3*i - 2*i + x + 95 = 0. List the prime factors of i.
2, 3
Let r = 11779 - 7483. What are the pr